{"id":5680,"date":"2019-09-01T19:04:49","date_gmt":"2019-09-02T00:04:49","guid":{"rendered":"http:\/\/www.juniors.com.mx\/online\/?post_type=product&#038;p=5680"},"modified":"2019-09-01T19:21:10","modified_gmt":"2019-09-02T00:21:10","slug":"laptop-asus-x441na-ga016t","status":"publish","type":"product","link":"https:\/\/www.juniors.com.mx\/online\/product\/laptop-asus-x441na-ga016t\/","title":{"rendered":"Laptop Asus Vivobook Max X441Na-Ga016T"},"content":{"rendered":"<div class=\"wpb-content-wrapper\"><p>[vc_row][vc_column][vc_column_text]<span style=\"font-size: 12pt; font-family: arial, helvetica, sans-serif; color: #f59936;\">La Serie de Laptops Asus Vivobook Max, est\u00e1n dise\u00f1ados para ofrecerte una verdadera experiencia multimedia inmersiva.<\/span><\/p>\n<p><span style=\"font-size: 12pt; font-family: arial, helvetica, sans-serif; color: #f59936;\">La Laptop Asus Vivobook cuenta con la potencia de la familia de procesadores Intel\u00ae de 6\u00aa y 7\u00aa generaci\u00f3n, con un exclusivo sistema de audio SonicMaster con tecnolog\u00eda ICEpower\u00ae, VivoBook Max te permitir\u00e1 disfrutar de una experiencia audiovisual nunca antes vista en una laptop.<\/span><\/p>\n<p><span style=\"font-size: 12pt; font-family: arial, helvetica, sans-serif; color: #f59936;\">VivoBook Max est\u00e1 dise\u00f1ada para realizar tus tareas inform\u00e1ticas diarias, est\u00e9 incre\u00edble equipo se encuentra en colores expresivos y distintos acabados texturizados.<\/span><\/p>\n<p><span style=\"font-size: 12pt; font-family: arial, helvetica, sans-serif; color: #f59936;\">La laptop Asus cuenta con un sistema de audio ASUS SonicMaster, el cual incorpora la tecnolog\u00eda ICEpower\u00ae, permite a VivoBook Max ofrecer un sonido cristalino. Estos modelos integran un altavoz de 3W con una c\u00e1mara de sonido de 24 cc y un dise\u00f1o especial de la l\u00ednea de transmisi\u00f3n para ofrecer graves potentes y profundos y voces n\u00edtidas. Adem\u00e1s, est\u00e1n ajustados para lograr di\u00e1logos m\u00e1s n\u00edtidos y sonidos envolventes realistas.<\/span><\/p>\n<p><span style=\"font-size: 12pt; font-family: arial, helvetica, sans-serif; color: #f59936;\">La tecnolog\u00eda de v\u00eddeo ASUS Tru2Life consigue que tus v\u00eddeos sean espectaculares. Optimiza de forma inteligente cada p\u00edxel de cada fotograma de v\u00eddeo para mejorar la nitidez y el contraste un 150 % de modo que puedas disfrutar de la mejor calidad de imagen posible en todo momento. La mayor\u00eda de los paneles LED emiten luz azul, la principal causa de la degeneraci\u00f3n de la m\u00e1cula y los problemas de la retina. El modo ASUS Eye Care reduce con eficacia los niveles de luz azul en un 33%, para que leer resulte m\u00e1s c\u00f3modo y protegerte de la posible fatiga ocular y otras dolencias. ASUS VivoBook Max incorpora la familia de procesadores Intel\u00ae de 6\u00aa y 7\u00aa generaci\u00f3n m\u00e1s modernos. Adem\u00e1s viene con Windows 10 Home preinstalado, lo que resulta ideal para todas las tareas inform\u00e1ticas y de entretenimiento diarias.<\/span><\/p>\n<p><span style=\"font-size: 12pt; font-family: arial, helvetica, sans-serif; color: #f59936;\">No te quedes fuera del mundo tecnol\u00f3gico, disfruta de todo lo que deseas con la Laptop Asus Vivobook Max de Asus.<\/span>[\/vc_column_text][\/vc_column][\/vc_row]<\/p>\n<\/div>","protected":false},"excerpt":{"rendered":"<p><span style=\"font-family: arial, helvetica, sans-serif; color: #f59936; font-size: 12pt;\">La Serie de Laptops Asus Vivobook Max, est\u00e1n dise\u00f1ados para ofrecerte una verdadera experiencia multimedia inmersiva.<\/span><\/p>\n<p><span style=\"font-family: arial, helvetica, sans-serif; color: #f59936; font-size: 12pt;\">VivoBook Max est\u00e1 dise\u00f1ada para realizar tus tareas inform\u00e1ticas diarias, est\u00e9 incre\u00edble equipo se encuentra en colores expresivos y distintos acabados texturizados.<\/span><\/p>\n<p><span style=\"font-size: 14pt; font-family: 'arial black', sans-serif; color: #262e75;\">Llev\u00e1telo a cr\u00e9dito o de contado<\/span><\/p>\n<p><img loading=\"lazy\" decoding=\"async\" class=\"alignnone size-medium wp-image-5647\" src=\"http:\/\/www.juniors.com.mx\/online\/wp-content\/uploads\/2019\/08\/credi-sanruz-2-300x196.png\" alt=\"\" width=\"300\" height=\"196\" srcset=\"https:\/\/www.juniors.com.mx\/online\/wp-content\/uploads\/2019\/08\/credi-sanruz-2-300x196.png 300w, https:\/\/www.juniors.com.mx\/online\/wp-content\/uploads\/2019\/08\/credi-sanruz-2-600x393.png 600w, https:\/\/www.juniors.com.mx\/online\/wp-content\/uploads\/2019\/08\/credi-sanruz-2-768x502.png 768w, https:\/\/www.juniors.com.mx\/online\/wp-content\/uploads\/2019\/08\/credi-sanruz-2-1024x670.png 1024w, https:\/\/www.juniors.com.mx\/online\/wp-content\/uploads\/2019\/08\/credi-sanruz-2.png 1559w\" sizes=\"auto, (max-width: 300px) 100vw, 300px\" \/><\/p>\n<p><span style=\"font-size: 14pt; font-family: 'arial black', sans-serif; color: #262e75;\">Consulta disponibilidad y precios en tu sucursal mas cercana.<\/span><\/p>\n","protected":false},"featured_media":5687,"template":"","meta":{"_acf_changed":false,"_joinchat":[]},"product_brand":[],"product_cat":[278],"product_tag":[],"class_list":{"0":"post-5680","1":"product","2":"type-product","3":"status-publish","4":"has-post-thumbnail","6":"product_cat-laptops","7":"pa_marca-asus","9":"first","10":"instock","11":"shipping-taxable","12":"product-type-simple"},"acf":[],"_links":{"self":[{"href":"https:\/\/www.juniors.com.mx\/online\/wp-json\/wp\/v2\/product\/5680","targetHints":{"allow":["GET"]}}],"collection":[{"href":"https:\/\/www.juniors.com.mx\/online\/wp-json\/wp\/v2\/product"}],"about":[{"href":"https:\/\/www.juniors.com.mx\/online\/wp-json\/wp\/v2\/types\/product"}],"wp:featuredmedia":[{"embeddable":true,"href":"https:\/\/www.juniors.com.mx\/online\/wp-json\/wp\/v2\/media\/5687"}],"wp:attachment":[{"href":"https:\/\/www.juniors.com.mx\/online\/wp-json\/wp\/v2\/media?parent=5680"}],"wp:term":[{"taxonomy":"product_brand","embeddable":true,"href":"https:\/\/www.juniors.com.mx\/online\/wp-json\/wp\/v2\/product_brand?post=5680"},{"taxonomy":"product_cat","embeddable":true,"href":"https:\/\/www.juniors.com.mx\/online\/wp-json\/wp\/v2\/product_cat?post=5680"},{"taxonomy":"product_tag","embeddable":true,"href":"https:\/\/www.juniors.com.mx\/online\/wp-json\/wp\/v2\/product_tag?post=5680"}],"curies":[{"name":"wp","href":"https:\/\/api.w.org\/{rel}","templated":true}]}}